3
Calculate the greatest common factor of 3413421 and 297.
297
Calculate the greatest common divisor of 13832 and 2717.
247
Calculate the highest common factor of 396 and 63228.
132
Calculate the greatest common factor of 9154 and 28796.
46
Calculate the highest common factor of 166924 and 58.
58
Calculate the greatest common factor of 47960 and 308.
44
Calculate the highest common divisor of 1102920 and 117.
39
What is the highest common divisor of 16528480 and 20?
20
Calculate the highest common divisor of 68786 and 2608.
326
What is the greatest common factor of 9217 and 97842?
709
What is the highest common divisor of 46 and 999373?
23
Calculate the greatest common divisor of 2772 and 958716.
396
What is the greatest common divisor of 28177 and 38?
19
What is the greatest common divisor of 75816 and 3321?
81
Calculate the greatest common divisor of 98 and 6069.
7
Calculate the greatest common factor of 26 and 4043.
13
Calculate the greatest common factor of 597136 and 48.
16
Calculate the greatest common divisor of 80920 and 1920.
40
What is the greatest common divisor of 174460 and 572?
572
Calculate the greatest common divisor of 1840 and 852380.
460
What is the highest common factor of 903 and 124313?
301
Calculate the greatest common factor of 132 and 136812.
12
Calculate the greatest common divisor of 234596 and 2676.
892
Calculate the greatest common divisor of 36687 and 21.
21
Calculate the greatest common factor of 134 and 3715954.
134
What is the highest common divisor of 339840 and 304?
16
What is the greatest common divisor of 51 and 124?
1
What is the greatest common divisor of 549 and 50691?
183
What is the greatest common divisor of 6 and 243834?
6
What is the greatest common divisor of 25 and 1960675?
25
Calculate the greatest common factor of 56 and 81616.
8
What is the greatest common factor of 3315 and 7695?
15
What is the greatest common divisor of 60 and 148452?
12
What is the greatest common divisor of 1 and 1882234?
1
Calculate the greatest common divisor of 1908834 and 498.
498
What is the highest common divisor of 77613 and 6642?
123
Calculate the highest common factor of 30 and 17880.
30
Calculate the highest common factor of 25480 and 390.
130
What is the highest common divisor of 378 and 2576?
14
What is the highest common factor of 114653 and 77?
77
What is the greatest common factor of 4138048 and 332?
332
Calculate the greatest common divisor of 6380 and 27260.
580
What is the greatest common factor of 128528 and 208?
16
Calculate the greatest common factor of 336106 and 1630.
326
What is the greatest common factor of 33194 and 210?
14
What is the greatest common factor of 193079 and 53?
53
Calculate the highest common factor of 485 and 16732985.
485
Calculate the greatest common divisor of 374 and 114274.
34
What is the highest common divisor of 23520 and 7420?
140
Calculate the greatest common factor of 2485 and 2840.
355
Calculate the highest common factor of 44 and 56617.
11
Calculate the highest common divisor of 46599 and 147.
147
What is the highest common divisor of 46495 and 255?
85
What is the highest common factor of 633 and 453?
3
Calculate the highest common factor of 78279 and 6.
3
What is the greatest common factor of 93395 and 5?
5
What is the highest common divisor of 7587335 and 35?
35
What is the highest common factor of 406949 and 166?
83
Calculate the highest common factor of 437268 and 6708.
156
Calculate the greatest common factor of 36696 and 168.
24
Calculate the greatest common factor of 210 and 1158.
6
Calculate the greatest common factor of 4683 and 6.
3
What is the highest common divisor of 6909 and 95991?
147
Calculate the highest common divisor of 383 and 291463.
383
What is the greatest common divisor of 70575 and 300?
75
What is the greatest common divisor of 12 and 99?
3
What is the greatest common divisor of 911 and 11?
1
What is the highest common divisor of 234 and 782?
2
Calculate the greatest common divisor of 219 and 150672.
219
Calculate the highest common factor of 21340 and 60.
20
Calculate the greatest common factor of 6840 and 49704.
456
Calculate the highest common divisor of 11373 and 2754.
51
What is the greatest common factor of 5166 and 28?
14
Calculate the highest common factor of 3952 and 3926.
26
Calculate the greatest common divisor of 29621 and 399104.
1559
Calculate the greatest common factor of 1152357 and 1032.
129
Calculate the greatest common divisor of 1165 and 40.
5
Calculate the highest common divisor of 4640 and 3260760.
1160
Calculate the highest common divisor of 106030 and 920.
230
Calculate the highest common factor of 192 and 816.
48
What is the highest common divisor of 13598 and 637?
13
What is the highest common divisor of 67 and 3127?
1
What is the highest common factor of 112 and 59504?
16
What is the greatest common factor of 954 and 6201?
477
What is the highest common factor of 8 and 264728?
8
What is the greatest common factor of 558999 and 1071?
63
Calculate the highest common factor of 572 and 5252.
52
What is the greatest common factor of 50675 and 275?
25
What is the highest common factor of 275 and 21725?
275
Calculate the highest common divisor of 703 and 31709.
37
What is the highest common divisor of 1968 and 2074928?
656
Calculate the greatest common factor of 4164 and 57602.
694
What is the highest common divisor of 93247 and 3157?
77
What is the highest common factor of 8246 and 532?
266
What is the greatest common factor of 774 and 3510?
18
What is the highest common factor of 1068 and 972?
12
What is the greatest common factor of 8757 and 819?
63
Calculate the greatest common divisor of 10 and 153860.
10
What is the greatest common divisor of 7124 and 19180?
548
Calculate the highest common factor of 413 and 1687.
7
Calculate the greatest common factor of 312215 and 615.
205
What is the greatest common factor of 17304 and 3192?
168
What is the greatest common factor of 870 and 163038?
174
What is the highest common factor of 70 and 20902?
14
Calculate the greatest common factor of 2125279 and 13.
13
What is the highest common divisor of 666 and 13098?
222
What is the greatest common divisor of 251511 and 117?
39
Calculate the greatest common factor of 3696 and 1954722.
462
What is the greatest common factor of 171 and 6165?
9
What is the greatest common factor of 58 and 305834?
58
Calculate the highest common factor of 1898 and 32047.
73
What is the greatest common factor of 24 and 2034?
6
What is the greatest common divisor of 510696 and 52?
4
Calculate the highest common factor of 166560 and 3520.
160
Calculate the greatest common factor of 85365 and 8190.
315
What is the greatest common factor of 2883419 and 77?
77
Calculate the highest common factor of 5373 and 51.
3
Calculate the greatest common factor of 1878 and 71677.
313
What is the highest common divisor of 944 and 7788?
236
What is the greatest common divisor of 162920 and 80?
40
Calculate the greatest common divisor of 7626 and 124.
62
What is the greatest common factor of 116 and 296?
4
What is the highest common factor of 114048 and 16434?
198
Calculate the greatest common factor of 28 and 3805046.
14
What is the greatest common factor of 24 and 884046?
6
Calculate the greatest common factor of 73685 and 1.
1
What is the highest common divisor of 47102 and 22?
22
What is the highest common divisor of 2212729 and 1189?
1189
What is the greatest common divisor of 12465 and 615?
15
Calculate the greatest common divisor of 622008 and 4134.
318
Calculate the greatest common factor of 304 and 1558.
38
What is the greatest common divisor of 16016 and 906906?
2002
Calculate the greatest common factor of 102384 and 567.
81
What is the greatest common divisor of 16 and 192656?
16
What is the greatest common factor of 554694 and 658?
658
Calculate the highest common divisor of 801983 and 147.
49
Calculate the greatest common factor of 138226 and 4697.
671
Calculate the greatest common divisor of 13424 and 56.
8
What is the greatest common divisor of 602579 and 1839?
613
What is the highest common divisor of 20 and 197740?
20
Calculate the greatest common factor of 34799 and 4895.
89
Calculate the greatest common divisor of 88 and 114367.
11
Calculate the highest 